*b + 23. Let f be v(2). Let w(m) = -8*m - 22. Calculate the remainder when w(f) is divided by 10.
8
Suppose 2*d - 3*d + 2 = 0. Suppose 5*z - 45 + 60 = 5*x, 11 = -3*x - z. What is the remainder when (d/x + 142)*22/33 is divided by 16?
14
What is the remainder when (-6 - 15/(-2)) + (-2835)/(-18) is divided by 79?
1
Let h = 173 - 175. What is the remainder when 116/6*(-3)/h is divided by (0 - (-2)/5)*15?
5
Suppose -4*p - 536*n + 142 = -533*n, -5*n = -p + 47. What is the remainder when p is divided by 31?
6
Suppose -g + 68 = 26. Let y(r) = -126*r - 3. Suppose 4*m + 0*m + 8 = 0. What is the remainder when y(m) is divided by g?
39
Let a = -293205 + 293218. Calculate the remainder when 0 + -1 + (-126)/(-2) is divided by a.
10
Let y(l) = -l**3 - 4*l**2 - 6*l - 5. Let j be 5 - 2 - 2 - (-24 + -3). Suppose j = i + 7. Calculate the remainder when y(-6) is divided by i.
19
Let z(b) = -32*b + 15. Let y be z(7). Let o = y + 315. What is the remainder when o is divided by 34?
4
Let o be (-8)/(-6)*1524/16. Suppose -o*z - 169 = -140*z. Calculate the remainder when 596 is divided by z.
11
Let c(r) = -99*r + 9414. What is the remainder when 2004 is divided by c(95)?
6
Let d(m) = 5*m**2 - 26*m - 426. What is the remainder when d(-13) is divided by 64?
53
Suppose 0*l + l - 5*o + 52 = 0, -5*o + 79 = -2*l. Suppose 2*b + 357 + 897 = 0. What is the remainder when (-2)/9 + b/l is divided by 5?
3
Suppose -2906438 = -339*d + 57*d - 428786. What is the remainder when d is divided by 29?
28
Suppose -t = -0*t + 122. Calculate the remainder when (t/10)/((-3)/15) is divided by (-18)/60 - 1808/(-160).
6
Let b = -14955 + 15516. Calculate the remainder when 574 is divided by b.
13
Suppose -j - 23*z = -27*z - 750, 0 = 3*j - 3*z - 2268. Calculate the remainder when j is divided by 33.
32
Suppose 128*g - 3115 = 2389. Calculate the remainder when 253 is divided by g.
38
Let k(y) = -7*y - 3. Let d(x) = 9*x + 2. Let l(a) = -3*d(a) - 4*k(a). Let j = 103 - 51. What is the remainder when j is divided by l(12)?
16
Let f(c) = 4*c**2 - 27*c - 85. Let b(z) = z**2 - 3*z - 183. Let x be b(15). What is the remainder when 121 is divided by f(x)?
25
Suppose -p + 3*p = 5*y - 905, 2*p + 539 = 3*y. Suppose -4*i = -3*r - 236, 1829 = 3*i + 5*r + 1768. What is the remainder when y is divided by i?
42
Let d = 37 + -20. Let p = -6 + d. Suppose 2*r - 4*y - 34 = 32, 2*y = -5*r + 225. What is the remainder when r is divided by p?
10
Let u(x) = x**3 - 7*x**2 - 17*x + 72. Let m be u(8). Let c(t) = -36*t + 19. What is the remainder when 54 is divided by c(m)?
16
Suppose 2*z - 3*z + 4*v = -74, 0 = -3*z + 3*v + 195. Let u be ((-970)/15 - 16/(-4))*-6. Let n = -351 + u. Calculate the remainder when z is divided by n.
10
Let n(l) = 148*l**2 + 8*l - 7. Let w be n(1). Let k = -120 + w. Calculate the remainder when 53 is divided by k.
24
Let l = -234 - -366. Let h = 14501 + -14467. Calculate the remainder when l is divided by h.
30
Let v(a) = 2*a**3 - 17*a**2 + 42*a - 317. Calculate the remainder when v(14) is divided by 10.
7
Let z(o) = 176*o - 819. What is the remainder when z(5) is divided by 8?
5
What is the remainder when -8*(0 - (111 + 0)) is divided by ((-52056)/1205)/((-16)/30)?
78
Calculate the remainder when 14306/69*27/3 is divided by 85.
81
Let d be ((-20)/3)/((-8)/12). Let b = 127 + -74. Calculate the remainder when b is divided by (d/(-4) - 3)*-2.
9
Let x be 11 + -9 - (0 - -1). Let j be -1*(-29 + x - -2). Suppose j*k - 75 = 23*k. Calculate the remainder when 99 is divided by k.
24
Suppose -7*q + 363 = -148. What is the remainder when 577 is divided by q?
66
Suppose -10*x + 4911 = 1351. Let b(g) = -g**3 + 9*g**2 + 2*g - 20. What is the remainder when x is divided by b(8)?
56
Suppose -2*q = -0*o + 2*o - 8, -14 = -4*o - 2*q. Suppose 5*r - x + 6*x - 50 = 0, 30 = r - o*x. What is the remainder when r is divided by 12?
3
Suppose -4*c - 2*k + 7744 = 0, -3*c + 5*k = -c - 3872. Calculate the remainder when c is divided by 20.
16
Suppose -20*z - 266 + 766 = 0. Let n(m) = -9*m + 1. Let p be n(-2). Suppose -p = -3*d - 2*v + 24, d - v = 11. What is the remainder when z is divided by d?
12
Let d(b) = -274*b - 912. Calculate the remainder when d(-5) is divided by 37.
14
Let o(d) = -22*d + 1. Let p be o(-1). Let c be -4 + 2/2 - p. Let r(f) = f**2 + 26*f + 35. What is the remainder when r(c) is divided by 9?
8
Let d = -189 - -536. Let p = d + -202. Calculate the remainder when p is divided by 39.
28
Let i(m) = m**2 - 12*m - 6. Let j be (-2 + 1)*1 + -2 - -17. Suppose j*w = 5*w + 153. Calculate the remainder when i(w) is divided by 21.
16
Let c(z) = 3*z**2 - 89*z - 147. What is the remainder when c(33) is divided by 56?
15
Suppose -8*r + 2618 = -7766. What is the remainder when r is divided by 26?
24
Let g(f) = -f**2 - 15*f - 21. Let i = -765 + 392. Let h = -191 - i. What is the remainder when h is divided by g(-4)?
21
Let y(u) = 3*u + 7. Let b = 45 + -46. Let f be (51/(-119))/(b/7). Calculate the remainder when 46 is divided by y(f).
14
Suppose 0 = -3*l - 10 + 235. Let d(p) = 12*p - 1. What is the remainder when l is divided by d(1)?
9
Let l = 10 - 5. Suppose -261 = -l*b + 9. Calculate the remainder when 28 is divided by 4*(-3 + b/8).
13
Let k = -2327 + 5846. Calculate the remainder when k is divided by 55.
54
Suppose -r + 2*z + 61 = 0, 0 = -r + 4*z - 7*z + 46. Calculate the remainder when ((-2865)/210*8)/(3/(-21)*2) is divided by r.
52
Let h(w) be the second derivative of -w**5/20 + 5*w**4/6 - 19*w**3/6 + 35*w**2/2 + 137*w. Calculate the remainder when h(6) is divided by 18.
11
Let c = 1153 - 746. Let d = -344 + c. What is the remainder when d is divided by 32/(-3)*9/(-4)?
15
Let h(x) be the first derivative of 7*x**4/4 + x**2/2 - 2*x - 2. Let t be h(1). Suppose t*m - m = 130. Calculate the remainder when 75 is divided by m.
23
Let g be 2/(-18)*-3*3. Let r = -543 + 557. What is the remainder when g/(-1 - 104/(-102)) is divided by r?
9
Let t(b) = -b**3 - 16*b**2 + 36*b + 21. Let j(x) = 83*x + 397. Let s be j(-5). Calculate the remainder when 65 is divided by t(s).
2
Suppose 72*c - 1488 = -480. Calculate the remainder when 124 is divided by c.
12
Let t = -90 + 116. Calculate the remainder when 1585 is divided by t.
25
Calculate the remainder when 337 is divided by (-1 - (21 + -1))/((-33)/110).
57
Suppose -2*n = -o + 3*n, -5*o = 4*n - 145. Let q be 2*((-10)/o)/((-4)/345). Let u = -31 + q. What is the remainder when 151 is divided by u?
37
Suppose 1051*q - 1367 = 735. Let d(b) = -b**3 + 8*b**2 - 9*b + 7. Calculate the remainder when d(6) is divided by q.
1
Let n(j) = -j**3 + 79*j**2 + 171*j + 608. Calculate the remainder when n(81) is divided by 48.
41
Suppose 41 = 4*r - 147. Let c = r - 33. Let q(p) = -21477*p - 171754. Calculate the remainder when q(-8) is divided by c.
6
Let d = -1319 - -1924. What is the remainder when d is divided by 44?
33
Let j(x) = x + 1. Let z(v) = -2*v - 3. Let a(p) = 5*j(p) + 2*z(p). Let h be a(-1). Calculate the remainder when 232/(-6)*3/h*1 is divided by 20.
18
Let j(p) = 2*p**2 - 33*p - 16. What is the remainder when j(46) is divided by 73?
70
Let v = -534 - -468. Calculate the remainder when (-12)/33 + (-11244)/v is divided by 30.
20
Let k(p) = -p**3 - 19*p**2 - 103*p - 6. What is the remainder when 11650 is divided by k(-10)?
118
Suppose 1067 = 42*o + 563. What is the remainder when 35 is divided by o?
11
Suppose 2*w + 15 = -w + 3*u, 0 = 3*w + 2*u + 40. What is the remainder when (12/w)/(-2*(-3)/(-660)) is divided by 27?
24
Let c(r) = 3*r - 39. Let p be c(-14). Let j = -28 - p. Let y(g) = -g**3 + 23*g**2 + 51*g - 4. What is the remainder when j is divided by y(25)?
11
Suppose 49*u - 48*u - 234 = -t, 5*t = -u + 1190. Calculate the remainder when t is divided by 20.
19
Let l(r) = -5*r**2 + 41*r + 24. What is the remainder when 219 is divided by l(8)?
27
Let z = 1 - -6. Calculate the remainder when (6/49)/(13/(-273))*(-14)/3 is divided by z.
5
Let k = -741651 - -741763. Suppose 3*s + 0 = 39. What is the remainder when k is divided by s?
8
Let f(h) be the first derivative of -h**3/3 - 17*h**2/2 - 45*h + 366. Let y(j) = 12*j - 1. Let m be y(-1). What is the remainder when f(m) is divided by 4?
3
Let x = 631 - -2663. Let k = 0 + 3. Suppose k*s = 21*s - x. Calculate the remainder when s is divid